 y**2 + 9*y + 3. Let n be u(-8). Let i(z) = 4*z + 6. Let f(o) = 3*o + 5. Let h(g) = n*f(g) + 4*i(g). Determine h(5).
4
Let o = 21 + -20. Let z(x) = 2*x + 16. Let n(u) = -u - 5. Let q(b) = 16*n(b) + 5*z(b). Give q(o).
-6
Let v = -1 - -16. Suppose -f - 4*f = v. Let j(s) = 5*s + 3. Let h(p) = -p. Let d(z) = 6*h(z) + j(z). Determine d(f).
6
Let g(l) = 3*l + 2*l - 5*l + l. Calculate g(-5).
-5
Let i(o) = o - 7. Let c(k) = -2. Let h(x) = 9*c(x) - 2*i(x). Suppose 5*l = 2*l + 24. Let t = 4 - l. Give h(t).
4
Let m(a) = -4*a**2 - 2*a**2 - a - 2 + 5*a**2 + 2*a**2. Determine m(4).
10
Suppose -4*w = -2*w + 2. Let t(z) = -2*z - 3 + 3 - 2 + 1 - 2*z**2. Determine t(w).
-1
Suppose 5*r = l - 11 + 38, 0 = -5*r + 4*l + 18. Let p(m) = m**3 - 6*m**2 - 2*m + 9. What is p(r)?
-3
Let d be 1*(-3 - 0) - 2. Let u(f) be the third derivative of 0 + 0*f + 0*f**3 + 3*f**2 + 1/24*f**4. Calculate u(d).
-5
Let c(o) = -4 + 3*o - 6*o - 5*o + 9*o. Calculate c(6).
2
Let l(i) be the third derivative of -1/6*i**3 + 0*i - 1/30*i**5 + 1/24*i**4 + 0 - 2*i**2. Calculate l(1).
-2
Let o(b) = -b**3 - 5*b**2 + 5. Let k be o(-5). Let c(f) = -6*f + 2 + 4*f**2 + 0 - 3 - k*f**2. Suppose x - 3*m - 8 = -0*m, 2*x = 2*m. Determine c(x).
7
Suppose -7*h + 2*h = 10. Let y(n) = -n**3 + n**2 - 2. Determine y(h).
10
Suppose 5*v = -0*v + 4*y + 50, 43 = 3*v - 5*y. Let o(x) = x**3 - 6*x**2 - 2*x + 6. What is o(v)?
-6
Let a(g) = g - 22*g**2 + 1 - 9*g + 6*g. Give a(1).
-23
Let x(t) = 3*t - 4. Let g(r) = r - 1. Let z(f) = -6*g(f) + x(f). What is z(2)?
-4
Let i be (1 - 1) + (3 - 0). Let a(x) = 5*x - x - x + i. Suppose 3 = 4*z - y + 10, -2*z - 6 = 2*y. Give a(z).
-3
Let q(j) = -2 - j - 1 + j**3 + 4 - 3*j**3. Give q(1).
-2
Let k = -11 - -7. Let v(g) = -g**3 + 9*g**2 + g - 8. Let b be v(9). Let l(r) = b - 4 - 3*r + 0*r**2 - r**2. Give l(k).
-7
Let x(j) = 4*j**2 - 53*j**3 - 1 + 52*j**3 + j**2 - 2*j**2 + 3*j. Calculate x(4).
-5
Let h(x) = -4*x**2 - x**3 + 0*x**2 + 6*x**2 + 2 - x. What is h(2)?
0
Let t(c) = -c**2 + 1. Let v(k) = -k**3 - 4*k - 5. Suppose -4*j + 5 = -3*z, -3*z + 2*j - 6 = -5*z. Let x(d) = z*v(d) + 5*t(d). Calculate x(-3).
-6
Let u be 1 + 4 - (6 - 8). Let p(x) = -u - 3 - 4*x + 11. Suppose -2*a + 1 = -3*a. Calculate p(a).
5
Let j(y) be the first derivative of y**4/4 - 4*y**3/3 - y**2/2 - 6*y - 12. Determine j(5).
14
Let q(d) = -d**3 + 2*d**2 + 2*d - 1. Let i(u) = u**3 - 2*u**3 - 4 + 6. Let r be i(0). Calculate q(r).
3
Let t be 6 - (1 + -2) - 2. Let h(j) = -2*j - 1. Let r(d) = 3*d + 1. Let l(c) = -5*h(c) - 4*r(c). What is l(t)?
-9
Let u(s) be the third derivative of s**6/120 - 2*s**5/15 + 3*s**4/8 + s**3 + 2*s**2. What is u(7)?
20
Let v be ((-12)/(-21) - 1)*-7. Let s(b) = 4*b - 4. Calculate s(v).
8
Let p(r) = 2*r**3 - 3*r - 2. Let a be -1*(-1 + -30) - 1. Let j be (-4)/5*a/12. Calculate p(j).
-12
Let u(n) = n + 4 + 2*n - 4*n + 0*n. Suppose 5*p - 7 - 18 = 0. Give u(p).
-1
Let a(n) = 14*n - n**2 - 2*n - 10*n - 1. Calculate a(1).
0
Let d(y) be the third derivative of y**6/120 + y**5/12 - 7*y**4/24 - 4*y**3/3 + 5*y**2. Calculate d(-6).
-2
Let d be (-5)/(-9) + 32/(-144). Let m(z) be the first derivative of 1/2*z**2 - 5*z + d*z**3 - 1 - 1/4*z**4. Calculate m(0).
-5
Let y(g) = g - 8. Suppose 3*i - u - 13 = -57, 0 = -2*i + 4*u - 46. Let z = -7 - i. Determine y(z).
-2
Let w(a) be the first derivative of a**2/2 - 3*a + 27. What is w(-3)?
-6
Let w(m) = 6*m - 3*m**2 + 0*m**2 + 2*m**2 - 3. Suppose 3*l + 10 - 25 = 0. Calculate w(l).
2
Let q(t) = -2*t**2 + 3*t - 2. Let l be q(2). Let j(n) = n**2 + n - 4. Give j(l).
8
Let u be ((-2)/5)/(3/(-30)). Suppose 3*h - i = 8, 0*i = -3*h - u*i + 28. Let f(k) = k**2 - 3*k + 2. What is f(h)?
6
Let r(q) = 9*q + 8*q + 3 + 0*q - 16*q + 10. Suppose 4*u + u + 19 = 4*v, 0 = u + 5*v + 27. Calculate r(u).
6
Let n(t) = -3*t**2 + t. Suppose -1 = -c - 2. Determine n(c).
-4
Let k(f) = 4*f**2 - f. Let j be k(1). Let d be 1/(j/3)*3. Let i(b) = -2*b**3 + 4*b + 5*b**d + 3 + 2*b**2 - 2*b**3. Calculate i(-2).
-5
Let o(v) be the third derivative of -v**4/24 + 4*v**3/3 - v**2. Suppose -8 = -m + 2*j, 3*j = j - 6. Suppose 5 = -r + m*r. Calculate o(r).
3
Let y(q) be the first derivative of -q**2 + 2*q + 20. What is y(4)?
-6
Let w(r) = -7*r**2 + r - 16. Let g(v) = v**2 + v + 1. Suppose 2 = 5*l - 7*l. Let u(c) = l*w(c) - 6*g(c). Determine u(7).
10
Suppose 2*j = 2 + 2. Let c(s) = -3*s + 5 - 3 - 1. What is c(j)?
-5
Let m(c) = 4*c**3 + 4*c**2 - 4*c - 2. Let d(a) = 5*a**3 + 5*a**2 - 4*a - 3. Let k(p) = -3*d(p) + 4*m(p). Let w = -9 + 6. Give k(w).
-5
Let f(c) = -c**3 + 3*c**2 - 2*c + 1. Let x be -3 - 1*8/(-1). Let d = x - 2. Determine f(d).
-5
Let c(h) = -h + 1. Suppose -5*j - 3 = -2*j. Give c(j).
2
Let t(u) be the first derivative of -3*u**2/2 + 2*u - 3. Suppose 0*n - 12 = 4*a - n, a + 3 = n. Calculate t(a).
11
Let h(j) = 2 + 6*j + 6 - 4*j - 2. Determine h(-4).
-2
Let j(i) = -3*i + 7. Let a(d) = d**2 - 2*d - 3. Let p be a(4). Calculate j(p).
-8
Let t(f) be the second derivative of f**4/12 + 5*f**3/6 - 3*f. Give t(-6).
6
Let q(k) = 6*k**3 + 19*k**2 + 5*k + 15. Let c(n) = -n**3 - 4*n**2 - n - 3. Let s(j) = 11*c(j) + 2*q(j). Determine s(6).
-9
Let j(p) be the third derivative of p**6/72 + p**5/60 + p**4/24 + p**3/6 + 6*p**2. Let a(l) be the first derivative of j(l). What is a(-1)?
4
Let j(w) = -3*w**2 + 6*w - 4. Let k(u) = -4*u**2 + 6*u - 5. Let r(m) = 3*j(m) - 2*k(m). Calculate r(3).
7
Let u(w) = -w - 3. Suppose 20 = 3*a + 5. Suppose 3*g + 23 = 8. Let b = a + g. Give u(b).
-3
Let i(s) = 7*s**2 - 3*s. Let w(t) = -10*t**2 + 4*t. Let j(o) = -7*i(o) - 5*w(o). Give j(-3).
6
Let w(b) = -3*b**2 - 6*b - 9. Let h(k) = -4*k**2 - 6*k - 10. Let o(r) = 2*h(r) - 3*w(r). What is o(-5)?
2
Let l be 13/3 + 4/6. Suppose 3*h - 4*h + 5*k - 22 = 0, 0 = -l*h + 2*k + 5. Let n(r) = r**3 - 3*r**2 + 4. Give n(h).
4
Suppose 2*v - 3*i = -2*i + 6, 3*v + 2*i = -5. Let p = 3 + v. Suppose p*s - f = 1, 5*s - 2*s = -f - 1. Let n(k) = -k**2 - 6. Give n(s).
-6
Let i = 1 + -5. Let h(f) = -2*f - 3. Let j(v) = -2*v - 4. Let b(p) = -3*h(p) + 2*j(p). Calculate b(i).
-7
Let x(n) = -4*n**3 - n**2 + n. Let r = -37 - -38. Calculate x(r).
-4
Let k(u) be the third derivative of 0*u + 0 - 1/2*u**3 - 2*u**2 + 1/12*u**4. Let v(n) = n**2 - n - 2. Let a be v(-2). Calculate k(a).
5
Let i(r) be the second derivative of -2*r**3/3 - 5*r**2/2 - r. Let t(d) be the first derivative of -d**2/2 - 2. Let b(u) = i(u) - 5*t(u). Give b(-5).
-10
Let u(q) = -q**2 - 1 + 1 + 4*q - q - 1. Determine u(4).
-5
Let u(r) = 2 + 0 - 3 - 3*r + 3. Give u(-3).
11
Let k = 8 + -5. Let h(v) = -177*v - 4*v**2 + 176*v - 2*v**2 - v**k - 4. What is h(-6)?
2
Let j(s) = -35 + 14 + 2*s**2 + 0*s**2 - 7*s + 19. Let h = 5 - 0. What is j(h)?
13
Let n(l) = l - 3. Let f(u) be the third derivative of u**4/24 + 7*u**3/6 - 4*u**2. Let i be f(-11). Determine n(i).
-7
Let q(c) = 3*c**2 + c - 6*c + 2*c - 3. Give q(-2).
15
Let d(h) = 2*h**3 + h**2 + 2*h - 2. Let n(q) = -q - 21. Let m be n(-23). Give d(m).
22
Let r be (-94)/(-10) + 2/(-5). Suppose -s + 2*o = r, 3*s + 2*s = -2*o - 21. Let p(l) = -l - 5. Determine p(s).
0
Let v(d) = -d**3 + 5*d**2 - 4*d**2 + 4*d - 4 + 2*d**2. Give v(4).
-4
Suppose -2*m + 0*m = -2. Let n(g) be the first derivative of -g**6/40 + g**4/24 - 8*g**3/3 - 4. Let b(y) be the third derivative of n(y). What is b(m)?
-8
Let o(z) = z + 7. Let a be (-2)/8 - 5/(-4). Suppose -2*x - 5 = a. Calculate o(x).
4
Let a(q) = -q - 9. Suppose -5*m + 8 = -m. Suppose -m*p + p - 3*g = -6, -2*g + 4 = 5*p. What is a(p)?
-9
Let h(n) = -4*n**2 - 135 + 3*n**2 + 137 + n. Determine h(4).
-10
Let s(g) = 6*g**2 - g. Let n = 6 + -5. Let y be s(n). Let p(w) = w**2 - 5*w - 1. Calculate p(y).
-1
Let s(r) = -7*r**2 - 2*r + 1. Let w(a) = -3*a**2 + 6*a - 1. Let n(f) = -f**2 + f. Let h(l) = 4*n(l) - w(l). Let g be h(-2). What is s(g)?
-8
Let c = 1 + 3. Let m(o) be the third derivative of 1/60*o**5 + 0*o - 1/2*o**3 + 0 - 1/24*o**4 - 3*o**2. Determine m(c).
9
Let t(n) be the first derivative of -n**2/2 + n + 3. Let r(h) = h**3 + 3*h**2 - 6*h - 5. Let j(v) = -v + 2. Let u be j(6). Let z be r(u). Give t(z).
-2
Let m(t) = -t**3 + 4*t**2 - t - 1. Let l be m(3). Let f(v) = -v + 5. Give f(l).
0
Let s(q) = q**2 - 3*q - 2. Let a = -2 + -2. Let m be ((-10)/(-4))/((-1)/a). Let c = -6 + m. Give s(c).
2
Let v(t) = -5 + 12*t**2 + 8 - 13*t**2 